{"id":8,"date":"2022-09-25T05:59:26","date_gmt":"2022-09-25T05:59:26","guid":{"rendered":"http:\/\/www1.autismus-burgenland.at\/?page_id=8"},"modified":"2022-11-22T12:57:36","modified_gmt":"2022-11-22T12:57:36","slug":"autismus-spektrums-stoerung","status":"publish","type":"page","link":"https:\/\/www.autismus-burgenland.at\/?page_id=8","title":{"rendered":"Autismus-Spektrums-St\u00f6rung"},"content":{"rendered":"\n<p class=\"has-text-align-center\">Der Verein Autismus Burgenland ist eine zentrale Anlaufstelle f\u00fcr Menschen mit autistischer Wahrnehmung und deren Angeh\u00f6rigen.<\/p>\n\n\n<div class=\"wp-block-image is-style-rounded\">\n<figure class=\"aligncenter size-full\"><img loading=\"lazy\" decoding=\"async\" width=\"800\" height=\"800\" src=\"http:\/\/www1.autismus-burgenland.at\/wp-content\/uploads\/2022\/10\/Veriensgrafik_mit_text_800.jpg\" alt=\"\" class=\"wp-image-185\" srcset=\"https:\/\/www.autismus-burgenland.at\/wp-content\/uploads\/2022\/10\/Veriensgrafik_mit_text_800.jpg 800w, https:\/\/www.autismus-burgenland.at\/wp-content\/uploads\/2022\/10\/Veriensgrafik_mit_text_800-300x300.jpg 300w, https:\/\/www.autismus-burgenland.at\/wp-content\/uploads\/2022\/10\/Veriensgrafik_mit_text_800-150x150.jpg 150w, https:\/\/www.autismus-burgenland.at\/wp-content\/uploads\/2022\/10\/Veriensgrafik_mit_text_800-768x768.jpg 768w, https:\/\/www.autismus-burgenland.at\/wp-content\/uploads\/2022\/10\/Veriensgrafik_mit_text_800-60x60.jpg 60w\" sizes=\"auto, (max-width: 800px) 100vw, 800px\" \/><\/figure>\n<\/div>\n\n\n<p><\/p>\n\n\n\n<p><\/p>\n\n\n\n<p class=\"has-text-align-center\">Laut dem Klassifikationssystem DSM V sind folgende Bereiche auff\u00e4llig:<\/p>\n\n\n\n<p class=\"has-text-align-center\">Defizite in der sozialen Kommunikation und sozialen Interaktion<\/p>\n\n\n\n<p class=\"has-text-align-center\">Restriktive, repetitive Verhaltensweisen, Interessen und Aktivit\u00e4ten<\/p>\n\n\n\n<p class=\"has-text-align-center\">Fixierung auf sehr eingeschr\u00e4nkte Interessen, die in Intensit\u00e4t oder Thema ungew\u00f6hnlich sind<\/p>\n\n\n\n<p class=\"has-text-align-center\">\u00dcber- oder Unterempfindlichkeit auf sensorische Reize oder ungew\u00f6hnliches Interesse an sensorischen Aspekten der Umgebung<\/p>\n\n\n\n<p class=\"has-text-align-center\">In \u00d6sterreich wird derzeit unter anderem noch nach dem ICD-10 diagnostiziert. Hier gibt es die Systemtriade:<\/p>\n\n\n\n<p class=\"has-text-align-center\">Qualitative Beeintr\u00e4chtigung der wechselseitigen sozialen Interaktion<\/p>\n\n\n\n<p class=\"has-text-align-center\">Stereotypes Repertoire an Interessen und Aktivit\u00e4ten<\/p>\n\n\n\n<p class=\"has-text-align-center\">Qualitative Beeintr\u00e4chtigung der Kommunikation<\/p>\n\n\n\n<p class=\"has-text-align-center\"><strong>Erschwernisse beim Lernen<\/strong><\/p>\n\n\n\n<p class=\"has-text-align-center\">sprachlicher Informationen werden schlechter verarbeitet<\/p>\n\n\n\n<p class=\"has-text-align-center\">Vergessen viel leichter sprachliche Hinweise<\/p>\n\n\n\n<p class=\"has-text-align-center\">Eingeschr\u00e4nkte F\u00e4higkeit zur Imitation<\/p>\n\n\n\n<p class=\"has-text-align-center\">Verz\u00f6gerte Reaktion<\/p>\n\n\n\n<p class=\"has-text-align-center\">Probleme mit der Generalisierung (Raum, Zeit, Personen)<\/p>\n\n\n\n<p class=\"has-text-align-center\">Gelerntes wird nicht auf neue Situationen und Zusammenh\u00e4nge \u00fcbertragen<\/p>\n\n\n\n<p class=\"has-text-align-center\">Entscheidungen, die auf einer Einsch\u00e4tzung beruhen, k\u00f6nnen nicht gef\u00e4llt werden<\/p>\n\n\n\n<p class=\"has-text-align-center\">Probleme mit zeitlicher Organisation (verlieren \u00dcberblick, zeitliche Abfolgen)<\/p>\n\n\n\n<p class=\"has-text-align-center\">Probleme mit r\u00e4umlicher Organisation<\/p>\n\n\n\n<p class=\"has-text-align-center\">Ablenkbarkeit<\/p>\n\n\n\n<p class=\"has-text-align-center\">Durchf\u00fchrung komplexer Handlungen<\/p>\n\n\n\n<p class=\"has-text-align-center\">Lob und soziale Anerkennung stellen oft keinen Arbeitsanreiz dar<\/p>\n\n\n\n<p class=\"has-text-align-center\">Erkundet weniger von sich aus und probiert weniger Neues aus<\/p>\n","protected":false},"excerpt":{"rendered":"<p>Der Verein Autismus Burgenland ist eine zentrale Anlaufstelle f\u00fcr Menschen mit autistischer Wahrnehmung und deren Angeh\u00f6rigen. Laut dem Klassifikationssystem DSM V sind folgende Bereiche auff\u00e4llig: &hellip; <\/p>\n","protected":false},"author":1,"featured_media":0,"parent":0,"menu_order":0,"comment_status":"closed","ping_status":"closed","template":"","meta":{"footnotes":""},"class_list":["post-8","page","type-page","status-publish","hentry","latest_post"],"_links":{"self":[{"href":"https:\/\/www.autismus-burgenland.at\/index.php?rest_route=\/wp\/v2\/pages\/8","targetHints":{"allow":["GET"]}}],"collection":[{"href":"https:\/\/www.autismus-burgenland.at\/index.php?rest_route=\/wp\/v2\/pages"}],"about":[{"href":"https:\/\/www.autismus-burgenland.at\/index.php?rest_route=\/wp\/v2\/types\/page"}],"author":[{"embeddable":true,"href":"https:\/\/www.autismus-burgenland.at\/index.php?rest_route=\/wp\/v2\/users\/1"}],"replies":[{"embeddable":true,"href":"https:\/\/www.autismus-burgenland.at\/index.php?rest_route=%2Fwp%2Fv2%2Fcomments&post=8"}],"version-history":[{"count":7,"href":"https:\/\/www.autismus-burgenland.at\/index.php?rest_route=\/wp\/v2\/pages\/8\/revisions"}],"predecessor-version":[{"id":238,"href":"https:\/\/www.autismus-burgenland.at\/index.php?rest_route=\/wp\/v2\/pages\/8\/revisions\/238"}],"wp:attachment":[{"href":"https:\/\/www.autismus-burgenland.at\/index.php?rest_route=%2Fwp%2Fv2%2Fmedia&parent=8"}],"curies":[{"name":"wp","href":"https:\/\/api.w.org\/{rel}","templated":true}]}}